{"id":6849,"date":"2021-06-26T15:45:14","date_gmt":"2021-06-26T15:45:14","guid":{"rendered":"https:\/\/fecovi.coop\/web\/?page_id=6849"},"modified":"2026-04-17T19:12:53","modified_gmt":"2026-04-17T19:12:53","slug":"preguntas-frecuentes","status":"publish","type":"page","link":"https:\/\/fecovi.coop\/web\/preguntas-frecuentes\/","title":{"rendered":"Preguntas frecuentes"},"content":{"rendered":"\t\t<div data-elementor-type=\"wp-page\" data-elementor-id=\"6849\" class=\"elementor elementor-6849\" data-elementor-settings=\"[]\">\n\t\t\t\t\t\t<div class=\"elementor-inner\">\n\t\t\t\t\t\t\t<div class=\"elementor-section-wrap\">\n\t\t\t\t\t\t\t<section class=\"elementor-section elementor-top-section elementor-element elementor-element-afb663d elementor-section-boxed elementor-section-height-default elementor-section-height-default\" data-id=\"afb663d\" data-element_type=\"section\">\n\t\t\t\t\t\t<div class=\"elementor-container elementor-column-gap-default\">\n\t\t\t\t\t\t\t<div class=\"elementor-row\">\n\t\t\t\t\t<div class=\"elementor-column elementor-col-50 elementor-top-column elementor-element elementor-element-e365763\" data-id=\"e365763\" data-element_type=\"column\">\n\t\t\t<div class=\"elementor-column-wrap elementor-element-populated\">\n\t\t\t\t\t\t\t<div class=\"elementor-widget-wrap\">\n\t\t\t\t\t\t<div class=\"elementor-element elementor-element-2b2a159 elementor-widget elementor-widget-image\" data-id=\"2b2a159\" data-element_type=\"widget\" data-widget_type=\"image.default\">\n\t\t\t\t<div class=\"elementor-widget-container\">\n\t\t\t\t\t<div class=\"elementor-image\">\n\t\t\t\t\t\t\t\t\t\t\t<a href=\"https:\/\/fecovi.coop\/web\/category\/oportunidades-en-cooperativas-habitadas\/\">\n\t\t\t\t\t\t\t<img loading=\"lazy\" decoding=\"async\" width=\"300\" height=\"111\" src=\"https:\/\/fecovi.coop\/web\/wp-content\/uploads\/2025\/02\/OPOR-COOP-HABITADAS.gif\" class=\"elementor-animation-pulse attachment-large size-large\" alt=\"\" \/>\t\t\t\t\t\t\t\t<\/a>\n\t\t\t\t\t\t\t\t\t\t\t<\/div>\n\t\t\t\t<\/div>\n\t\t\t\t<\/div>\n\t\t\t\t\t\t<\/div>\n\t\t\t\t\t<\/div>\n\t\t<\/div>\n\t\t\t\t<div class=\"elementor-column elementor-col-50 elementor-top-column elementor-element elementor-element-456a69a\" data-id=\"456a69a\" data-element_type=\"column\">\n\t\t\t<div class=\"elementor-column-wrap elementor-element-populated\">\n\t\t\t\t\t\t\t<div class=\"elementor-widget-wrap\">\n\t\t\t\t\t\t<div class=\"elementor-element elementor-element-374c4f0 elementor-widget elementor-widget-image\" data-id=\"374c4f0\" data-element_type=\"widget\" data-widget_type=\"image.default\">\n\t\t\t\t<div class=\"elementor-widget-container\">\n\t\t\t\t\t<div class=\"elementor-image\">\n\t\t\t\t\t\t\t\t\t\t\t<a href=\"https:\/\/fecovi.coop\/web\/cooperativas-con-lista-abierta\/\">\n\t\t\t\t\t\t\t<img loading=\"lazy\" decoding=\"async\" width=\"300\" height=\"111\" src=\"https:\/\/fecovi.coop\/web\/wp-content\/uploads\/2025\/02\/OPOTUNIDADES-EN-COOP-DE-TRAMITE.gif\" class=\"elementor-animation-pulse attachment-full size-full\" alt=\"\" \/>\t\t\t\t\t\t\t\t<\/a>\n\t\t\t\t\t\t\t\t\t\t\t<\/div>\n\t\t\t\t<\/div>\n\t\t\t\t<\/div>\n\t\t\t\t\t\t<\/div>\n\t\t\t\t\t<\/div>\n\t\t<\/div>\n\t\t\t\t\t\t\t\t<\/div>\n\t\t\t\t\t<\/div>\n\t\t<\/section>\n\t\t\t\t<section class=\"elementor-section elementor-top-section elementor-element elementor-element-f1b83c8 elementor-section-boxed elementor-section-height-default elementor-section-height-default elementor-invisible\" data-id=\"f1b83c8\" data-element_type=\"section\" data-settings=\"{&quot;background_background&quot;:&quot;classic&quot;,&quot;animation&quot;:&quot;zoomIn&quot;}\">\n\t\t\t\t\t\t<div class=\"elementor-container elementor-column-gap-default\">\n\t\t\t\t\t\t\t<div class=\"elementor-row\">\n\t\t\t\t\t<div class=\"elementor-column elementor-col-100 elementor-top-column elementor-element elementor-element-9730473\" data-id=\"9730473\" data-element_type=\"column\">\n\t\t\t<div class=\"elementor-column-wrap elementor-element-populated\">\n\t\t\t\t\t\t\t<div class=\"elementor-widget-wrap\">\n\t\t\t\t\t\t<div class=\"elementor-element elementor-element-65fc574 elementor-widget elementor-widget-text-editor\" data-id=\"65fc574\" data-element_type=\"widget\" data-widget_type=\"text-editor.default\">\n\t\t\t\t<div class=\"elementor-widget-container\">\n\t\t\t\t\t<div class=\"elementor-text-editor elementor-clearfix\"><ul><li><a href=\"https:\/\/fecovi.coop\/web\/wp-content\/uploads\/2023\/02\/ESTATUTO-TIPO-DE-COOPERATIVAS-DE-VIVIENDA-USUARIOS-POR-AHORRO-PREVIO.docx\" target=\"_blank\" rel=\"noopener\">Estatuto tipo de cooperativas de vivienda (usuarios por ahorro previo)<\/a><\/li><li><a href=\"https:\/\/fecovi.coop\/web\/wp-content\/uploads\/2023\/03\/REQUISITOS-BASICOS-Marzo-2023.pdf\" target=\"_blank\" rel=\"noopener\">Requisitos b\u00e1sicos de ingreso<\/a><\/li><li><a href=\"https:\/\/www.gub.uy\/tramites\/solicitud-certificado-regularidad-cooperativas-vivienda\" target=\"_blank\" rel=\"noopener\">Tr\u00e1mite Certificado de Regularidad por primera vez<\/a><\/li><li><a href=\"https:\/\/www.gub.uy\/tramites\/renovacion-certificado-regularidad-cooperativas-vivienda\" target=\"_blank\" rel=\"noopener\">Tr\u00e1mite de renovaci\u00f3n de Certificado de Regularidad<\/a><\/li><li><a href=\"https:\/\/montevideo.gub.uy\/tramites-y-tributos\/exoneracion\/contribucion-inmobiliaria-a-cooperativas-de-viviendas-de-usuarios\" target=\"_blank\" rel=\"noopener\">Tr\u00e1mite de Exoneraci\u00f3n de Contribuci\u00f3n Inmobiliaria<\/a><\/li><li><a href=\"https:\/\/www.inacoop.org.uy\/prestacion-coactiva#:~:text=La%20prestaci%C3%B3n%20coactiva%20es%20un,desarrollo%20del%20propio%20sector%20cooperativo\" target=\"_blank\" rel=\"noopener\">\u00bfQu\u00e9 es la Prestaci\u00f3n Coactiva de INACOOP?<\/a>.<\/li><li><a href=\"https:\/\/1325db5c-e15e-4aa7-966f-497b963c5be3.filesusr.com\/ugd\/356d79_b6470724d8044eb299bbefa2216c812e.pdf\" target=\"_blank\" rel=\"noopener\">\u00bfQu\u00e9 es el Fondo Rotatorio Especial (FRECOOP) de INACOOP para Cooperativas de Vivienda?<\/a><\/li><li><a href=\"https:\/\/www.inacoop.org.uy\/procoop\" target=\"_blank\" rel=\"noopener\">\u00bfQu\u00e9 es el Programa de Formaci\u00f3n Cooperativa (PROCOOP) de INACOOP?<\/a><\/li><\/ul><div class=\"notranslate\" style=\"all: initial;\">\u00a0<\/div><\/div>\n\t\t\t\t<\/div>\n\t\t\t\t<\/div>\n\t\t\t\t\t\t<\/div>\n\t\t\t\t\t<\/div>\n\t\t<\/div>\n\t\t\t\t\t\t\t\t<\/div>\n\t\t\t\t\t<\/div>\n\t\t<\/section>\n\t\t\t\t\t\t<\/div>\n\t\t\t\t\t\t<\/div>\n\t\t\t\t\t<\/div>\n\t\t","protected":false},"excerpt":{"rendered":"<p>Estatuto tipo de cooperativas de vivienda (usuarios por ahorro previo) Requisitos b\u00e1sicos de ingreso Tr\u00e1mite Certificado de Regularidad por primera vez Tr\u00e1mite de renovaci\u00f3n de Certificado de Regularidad Tr\u00e1mite de &#8230;<\/p>\n","protected":false},"author":1,"featured_media":0,"parent":0,"menu_order":0,"comment_status":"closed","ping_status":"closed","template":"","meta":{"footnotes":""},"class_list":["post-6849","page","type-page","status-publish","hentry"],"_links":{"self":[{"href":"https:\/\/fecovi.coop\/web\/wp-json\/wp\/v2\/pages\/6849","targetHints":{"allow":["GET"]}}],"collection":[{"href":"https:\/\/fecovi.coop\/web\/wp-json\/wp\/v2\/pages"}],"about":[{"href":"https:\/\/fecovi.coop\/web\/wp-json\/wp\/v2\/types\/page"}],"author":[{"embeddable":true,"href":"https:\/\/fecovi.coop\/web\/wp-json\/wp\/v2\/users\/1"}],"replies":[{"embeddable":true,"href":"https:\/\/fecovi.coop\/web\/wp-json\/wp\/v2\/comments?post=6849"}],"version-history":[{"count":88,"href":"https:\/\/fecovi.coop\/web\/wp-json\/wp\/v2\/pages\/6849\/revisions"}],"predecessor-version":[{"id":19368,"href":"https:\/\/fecovi.coop\/web\/wp-json\/wp\/v2\/pages\/6849\/revisions\/19368"}],"wp:attachment":[{"href":"https:\/\/fecovi.coop\/web\/wp-json\/wp\/v2\/media?parent=6849"}],"curies":[{"name":"wp","href":"https:\/\/api.w.org\/{rel}","templated":true}]}}